{"id":370607,"date":"2023-10-13T12:39:29","date_gmt":"2023-10-13T10:39:29","guid":{"rendered":"http:\/\/development.oekologisches-kinderhaus.de\/?page_id=370607"},"modified":"2025-01-13T14:44:03","modified_gmt":"2025-01-13T13:44:03","slug":"was-kinder-bei-uns-erleben","status":"publish","type":"page","link":"https:\/\/development.oekologisches-kinderhaus.de\/?page_id=370607","title":{"rendered":"Was Kinder bei uns erleben"},"content":{"rendered":"[et_pb_section fb_built=&#8220;1&#8243; _builder_version=&#8220;4.22.2&#8243; _module_preset=&#8220;default&#8220; background_image=&#8220;http:\/\/development.oekologisches-kinderhaus.de\/wp-content\/uploads\/2023\/10\/DSCF1951.jpg&#8220; custom_margin=&#8220;70px||||false|false&#8220; hover_enabled=&#8220;0&#8243; global_colors_info=&#8220;{}&#8220; theme_builder_area=&#8220;post_content&#8220; title_text=&#8220;DSCF1951&#8243; sticky_enabled=&#8220;0&#8243;][et_pb_row column_structure=&#8220;1_2,1_2&#8243; _builder_version=&#8220;4.19.5&#8243; _module_preset=&#8220;default&#8220; global_colors_info=&#8220;{}&#8220; theme_builder_area=&#8220;post_content&#8220;][et_pb_column type=&#8220;1_2&#8243; _builder_version=&#8220;4.19.5&#8243; _module_preset=&#8220;default&#8220; global_colors_info=&#8220;{}&#8220; theme_builder_area=&#8220;post_content&#8220;][et_pb_text _builder_version=&#8220;4.22.2&#8243; _module_preset=&#8220;default&#8220; background_color=&#8220;#620091&#8243; custom_margin=&#8220;105px||||false|false&#8220; custom_padding=&#8220;20px|20px|15px|20px|false|true&#8220; hover_enabled=&#8220;0&#8243; global_colors_info=&#8220;{}&#8220; theme_builder_area=&#8220;post_content&#8220; sticky_enabled=&#8220;0&#8243; header_text_align=&#8220;center&#8220; header_2_text_align=&#8220;center&#8220; header_2_font=&#8220;|600|||||||&#8220; header_2_text_color=&#8220;#FFFFFF&#8220; transform_translate_linked=&#8220;off&#8220; transform_translate=&#8220;0px|121px&#8220;]<h2>Was Kinder bei uns erleben<\/h2>[\/et_pb_text][\/et_pb_column][et_pb_column type=&#8220;1_2&#8243; _builder_version=&#8220;4.19.5&#8243; _module_preset=&#8220;default&#8220; global_colors_info=&#8220;{}&#8220; theme_builder_area=&#8220;post_content&#8220;][\/et_pb_column][\/et_pb_row][\/et_pb_section][et_pb_section fb_built=&#8220;1&#8243; theme_builder_area=&#8220;post_content&#8220; _builder_version=&#8220;4.22.2&#8243; _module_preset=&#8220;default&#8220; hover_enabled=&#8220;0&#8243; sticky_enabled=&#8220;0&#8243;][et_pb_row _builder_version=&#8220;4.22.2&#8243; _module_preset=&#8220;default&#8220; theme_builder_area=&#8220;post_content&#8220; column_structure=&#8220;1_2,1_2&#8243;][et_pb_column _builder_version=&#8220;4.22.2&#8243; _module_preset=&#8220;default&#8220; type=&#8220;1_2&#8243; theme_builder_area=&#8220;post_content&#8220;][et_pb_text _builder_version=&#8220;4.22.2&#8243; _module_preset=&#8220;default&#8220; theme_builder_area=&#8220;post_content&#8220; hover_enabled=&#8220;0&#8243; sticky_enabled=&#8220;0&#8243;]<p>Kinderbetreuung<\/p>\n<p>Kinderkrippe<\/p>\n<p>Kindergarten<\/p>\n<p>Eingew\u00f6hnung<\/p>[\/et_pb_text][\/et_pb_column][et_pb_column _builder_version=&#8220;4.22.2&#8243; _module_preset=&#8220;default&#8220; type=&#8220;1_2&#8243; theme_builder_area=&#8220;post_content&#8220;][\/et_pb_column][\/et_pb_row][\/et_pb_section][et_pb_section fb_built=&#8220;1&#8243; theme_builder_area=&#8220;post_content&#8220; _builder_version=&#8220;4.22.2&#8243; _module_preset=&#8220;default&#8220; background_color=&#8220;#BFE349&#8243; hover_enabled=&#8220;0&#8243; sticky_enabled=&#8220;0&#8243; custom_padding=&#8220;0px||0px|0px|false|false&#8220;][et_pb_row _builder_version=&#8220;4.22.2&#8243; _module_preset=&#8220;default&#8220; theme_builder_area=&#8220;post_content&#8220; column_structure=&#8220;1_2,1_2&#8243;][et_pb_column _builder_version=&#8220;4.22.2&#8243; _module_preset=&#8220;default&#8220; type=&#8220;1_2&#8243; theme_builder_area=&#8220;post_content&#8220;][et_pb_text _builder_version=&#8220;4.22.2&#8243; _module_preset=&#8220;default&#8220; theme_builder_area=&#8220;post_content&#8220; hover_enabled=&#8220;0&#8243; sticky_enabled=&#8220;0&#8243;]<h2>Essenversorgung<\/h2>\n<p>\u00dcber die Kinderk\u00fcche El Miloud Fathi in Dresden beziehen wir t\u00e4glich frisch zubereitete Speisen mit Zutaten aus \u00f6kologischem Anbau, vorrangig aus unserer Region.<\/p>\n<p>Die Kinderk\u00fcche bietet dabei eine speziell auf die Bed\u00fcrfnisse von Kindern abgestimmte vollwertige und vielf\u00e4ltige Kost und leistet somit einen wichtigen Beitrag zu einer gesunden, ausgewogenen Ern\u00e4hrung unserer Kinder.<\/p>\n<p>Die Philosophie der Kinderk\u00fcche besteht darin, den kleinen G\u00e4sten ein abwechslungsreiches und gesundes Essen zu bieten. Dabei soll der Genuss jedoch keineswegs zu kurz kommen. Das oberstes Kredo lautet daher: Schmecken muss es!<\/p>[\/et_pb_text][\/et_pb_column][et_pb_column _builder_version=&#8220;4.22.2&#8243; _module_preset=&#8220;default&#8220; type=&#8220;1_2&#8243; theme_builder_area=&#8220;post_content&#8220;][et_pb_image src=&#8220;http:\/\/development.oekologisches-kinderhaus.de\/wp-content\/uploads\/2021\/09\/platzhalter.jpg&#8220; _builder_version=&#8220;4.22.2&#8243; _module_preset=&#8220;default&#8220; theme_builder_area=&#8220;post_content&#8220; title_text=&#8220;platzhalter&#8220; hover_enabled=&#8220;0&#8243; sticky_enabled=&#8220;0&#8243;][\/et_pb_image][\/et_pb_column][\/et_pb_row][et_pb_row _builder_version=&#8220;4.22.2&#8243; _module_preset=&#8220;default&#8220; theme_builder_area=&#8220;post_content&#8220;][et_pb_column _builder_version=&#8220;4.22.2&#8243; _module_preset=&#8220;default&#8220; type=&#8220;4_4&#8243; theme_builder_area=&#8220;post_content&#8220;][et_pb_button button_text=&#8220;Zum aktuellen Speiseplan der Kinderk\u00fcche&#8220; _builder_version=&#8220;4.22.2&#8243; _module_preset=&#8220;default&#8220; theme_builder_area=&#8220;post_content&#8220; button_url=&#8220;http:\/\/www.kinderkueche-dresden.de\/kinderkueche\/speiseplan.pdf&#8220; url_new_window=&#8220;on&#8220; hover_enabled=&#8220;0&#8243; sticky_enabled=&#8220;0&#8243; button_alignment=&#8220;center&#8220; custom_button=&#8220;on&#8220; button_text_color=&#8220;#FFFFFF&#8220;][\/et_pb_button][\/et_pb_column][\/et_pb_row][\/et_pb_section][et_pb_section fb_built=&#8220;1&#8243; theme_builder_area=&#8220;post_content&#8220; _builder_version=&#8220;4.22.2&#8243; _module_preset=&#8220;default&#8220;][\/et_pb_section][et_pb_section fb_built=&#8220;1&#8243; _builder_version=&#8220;4.22.2&#8243; _module_preset=&#8220;default&#8220; hover_enabled=&#8220;0&#8243; global_colors_info=&#8220;{}&#8220; sticky_enabled=&#8220;0&#8243; custom_padding=&#8220;||0px||false|false&#8220; background_color=&#8220;#BFE349&#8243;][et_pb_row _builder_version=&#8220;4.22.2&#8243; _module_preset=&#8220;default&#8220; hover_enabled=&#8220;0&#8243; global_colors_info=&#8220;{}&#8220; sticky_enabled=&#8220;0&#8243;][et_pb_column type=&#8220;4_4&#8243; _builder_version=&#8220;4.22.2&#8243; _module_preset=&#8220;default&#8220; global_colors_info=&#8220;{}&#8220;][dipl_image_accordion _builder_version=&#8220;4.22.2&#8243; _module_preset=&#8220;default&#8220; hover_enabled=&#8220;0&#8243; global_colors_info=&#8220;{}&#8220; sticky_enabled=&#8220;0&#8243;][dipl_image_accordion_item title=&#8220;Bibliothek&#8220; active_accordion_bg_color=&#8220;#7B96AB&#8220; accordion_bg_image=&#8220;http:\/\/development.oekologisches-kinderhaus.de\/wp-content\/uploads\/2023\/10\/DSCF1676.jpg&#8220; active_accordion_bg_image=&#8220;http:\/\/development.oekologisches-kinderhaus.de\/wp-content\/uploads\/2023\/10\/DSCF1676.jpg&#8220; active_accordion_bg_blend=&#8220;multiply&#8220; _builder_version=&#8220;4.22.2&#8243; _module_preset=&#8220;default&#8220; title_level=&#8220;h1&#8243; title_text_color=&#8220;#FFFFFF&#8220; desc_text_text_color=&#8220;#FFFFFF&#8220; background_layout=&#8220;dark&#8220; hover_enabled=&#8220;0&#8243; global_colors_info=&#8220;{}&#8220; sticky_enabled=&#8220;0&#8243;]<p>Kinder haben einen unstillbaren Wissensdurst. Dieser l\u00e4sst sich mit immer neuen Informationen insbesondere aus B\u00fcchern stillen. In unserer eigenen kleinen Bibliothek lernen die Kinder nebenbei den sorgf\u00e4ltigen Umgang mit geliehenen Medien und den damit verbundenen Pflichten.<\/p>\n<p>Regelm\u00e4\u00dfige Besuche der Bibliothek Laubegast sind ebenso ein fester Bestandteil des Kindergartenalltags.<\/p>[\/dipl_image_accordion_item][dipl_image_accordion_item title=&#8220;Holzwerkstatt&#8220; active_accordion_bg_color=&#8220;#7B96AB&#8220; accordion_bg_image=&#8220;http:\/\/development.oekologisches-kinderhaus.de\/wp-content\/uploads\/2023\/10\/DSCF1950.jpg&#8220; active_accordion_bg_image=&#8220;http:\/\/development.oekologisches-kinderhaus.de\/wp-content\/uploads\/2023\/10\/DSCF1950.jpg&#8220; active_accordion_bg_blend=&#8220;multiply&#8220; _builder_version=&#8220;4.22.2&#8243; _module_preset=&#8220;default&#8220; title_level=&#8220;h1&#8243; title_text_color=&#8220;#FFFFFF&#8220; desc_text_text_color=&#8220;#FFFFFF&#8220; background_layout=&#8220;dark&#8220; global_colors_info=&#8220;{}&#8220;]<p>Holz als \u00f6kologischer Rohstoff l\u00e4sst sich leicht bearbeiten. Hinzu kommt, dass S\u00e4gen und H\u00e4mmern immer eine starke Anziehungskraft auf Kinder aus\u00fcben. Ein Grund mehr, unseren Kindern hierf\u00fcr die Gelegenheit zu geben. Stolz werden dann die Werke pr\u00e4sentiert und dienen bei manch Einem sogar als Geschenk f\u00fcr Mama und Papa.<\/p>[\/dipl_image_accordion_item][dipl_image_accordion_item title=&#8220;Singegruppe&#8220; active_accordion_bg_color=&#8220;#7B96AB&#8220; accordion_bg_image=&#8220;http:\/\/development.oekologisches-kinderhaus.de\/wp-content\/uploads\/2021\/09\/platzhalter.jpg&#8220; active_accordion_bg_image=&#8220;http:\/\/development.oekologisches-kinderhaus.de\/wp-content\/uploads\/2021\/09\/platzhalter.jpg&#8220; active_accordion_bg_blend=&#8220;multiply&#8220; _builder_version=&#8220;4.22.2&#8243; _module_preset=&#8220;default&#8220; title_level=&#8220;h1&#8243; title_text_color=&#8220;#FFFFFF&#8220; desc_text_text_color=&#8220;#FFFFFF&#8220; background_layout=&#8220;dark&#8220; global_colors_info=&#8220;{}&#8220;]<p>Kinder singen sehr gern. Und gemeinsam macht es doppelt Spa\u00df. Einmal w\u00f6chentlich kommen die Kinder freiwillig zusammen, um zu singen und zu musizieren. Als H\u00f6hepunkte dienen immer die Auftritte auf der &#8222;Zschachwitzer Dorfmeile&#8220; sowie dem Laubegaster Fest &#8222;Kinder f\u00fcr Kinder&#8220; und sorgen somit f\u00fcr zus\u00e4tzliche Motivation.<\/p>[\/dipl_image_accordion_item][dipl_image_accordion_item title=&#8220;Umweltgruppe&#8220; active_accordion_bg_color=&#8220;#7B96AB&#8220; accordion_bg_image=&#8220;http:\/\/development.oekologisches-kinderhaus.de\/wp-content\/uploads\/2023\/10\/DSCF6499-1024&#215;683.jpg&#8220; active_accordion_bg_image=&#8220;http:\/\/development.oekologisches-kinderhaus.de\/wp-content\/uploads\/2023\/10\/DSCF6499-1024&#215;683.jpg&#8220; active_accordion_bg_blend=&#8220;multiply&#8220; _builder_version=&#8220;4.22.2&#8243; _module_preset=&#8220;default&#8220; title_level=&#8220;h1&#8243; title_text_color=&#8220;#FFFFFF&#8220; desc_text_text_color=&#8220;#FFFFFF&#8220; background_layout=&#8220;dark&#8220; hover_enabled=&#8220;0&#8243; global_colors_info=&#8220;{}&#8220; title_text=&#8220;DSCF6499&#8243; sticky_enabled=&#8220;0&#8243;]<p>Mit einer speziell ausgebildeten Waldp\u00e4dagogin geht es hinaus in Wald und Flur. Hierbei entdecken die Kinder im Wechsel der Jahreszeiten Interessantes und ebenso Wissenswertes \u00fcber die heimische Flora und Fauna.<\/p>\n<p>Aber auch das Leben anderer V\u00f6lker und Kulturen wird thematisch behandelt und durch aktive Mitwirkung der Kinder direkt veranschaulicht.<\/p>[\/dipl_image_accordion_item][dipl_image_accordion_item title=&#8220;Keramik&#8220; active_accordion_bg_color=&#8220;#7B96AB&#8220; accordion_bg_image=&#8220;http:\/\/development.oekologisches-kinderhaus.de\/wp-content\/uploads\/2023\/10\/DSCF2010-1024&#215;683.jpg&#8220; active_accordion_bg_image=&#8220;http:\/\/development.oekologisches-kinderhaus.de\/wp-content\/uploads\/2023\/10\/DSCF2010-1024&#215;683.jpg&#8220; active_accordion_bg_blend=&#8220;multiply&#8220; _builder_version=&#8220;4.22.2&#8243; _module_preset=&#8220;default&#8220; title_level=&#8220;h1&#8243; title_text_color=&#8220;#FFFFFF&#8220; desc_text_text_color=&#8220;#FFFFFF&#8220; background_layout=&#8220;dark&#8220; hover_enabled=&#8220;0&#8243; global_colors_info=&#8220;{}&#8220; title_text=&#8220;DSCF2010&#8243; sticky_enabled=&#8220;0&#8243;]<p>Denjenigen, die beim Umsetzen ihrer Fantasie zu einem &#8222;Kunstwerk&#8220; lieber ihre H\u00e4nde verwenden bieten wir die M\u00f6glichkeit in unserem Keramikkurs. Immer wieder entstehen die Formen neu, werden im Detail verbessert, um Kleinigkeiten erg\u00e4nzt und abschlie\u00dfend durch das Brennen haltbar gemacht. Der Fantasie sind keine Grenzen gesetzt.<\/p>[\/dipl_image_accordion_item][dipl_image_accordion_item title=&#8220;Sport&#8220; active_accordion_bg_color=&#8220;#7B96AB&#8220; accordion_bg_image=&#8220;http:\/\/development.oekologisches-kinderhaus.de\/wp-content\/uploads\/2023\/10\/DSCF3502-1024&#215;683.jpg&#8220; active_accordion_bg_image=&#8220;http:\/\/development.oekologisches-kinderhaus.de\/wp-content\/uploads\/2023\/10\/DSCF3502-1024&#215;683.jpg&#8220; active_accordion_bg_blend=&#8220;multiply&#8220; _builder_version=&#8220;4.22.2&#8243; _module_preset=&#8220;default&#8220; title_level=&#8220;h1&#8243; title_text_color=&#8220;#FFFFFF&#8220; desc_text_text_color=&#8220;#FFFFFF&#8220; background_layout=&#8220;dark&#8220; hover_enabled=&#8220;0&#8243; global_colors_info=&#8220;{}&#8220; title_text=&#8220;DSCF3502&#8243; sticky_enabled=&#8220;0&#8243;]<p>Ob in unserem Mehrzweckraum oder in der Turnhalle der Grundschule &#8222;Am Sand&#8220; &#8211; Sport unterst\u00fctzt den nat\u00fcrlichen Bewegungsdrang und f\u00f6rdert die Koordination sowie die motorischen F\u00e4higkeiten der Kinder. Hinzu kommt, dass es den Kindern riesigen Spa\u00df macht.<\/p>[\/dipl_image_accordion_item][dipl_image_accordion_item title=&#8220;Zahlenland&#8220; active_accordion_bg_color=&#8220;#7B96AB&#8220; accordion_bg_image=&#8220;http:\/\/development.oekologisches-kinderhaus.de\/wp-content\/uploads\/2021\/09\/platzhalter.jpg&#8220; active_accordion_bg_image=&#8220;http:\/\/development.oekologisches-kinderhaus.de\/wp-content\/uploads\/2021\/09\/platzhalter.jpg&#8220; active_accordion_bg_blend=&#8220;multiply&#8220; _builder_version=&#8220;4.22.2&#8243; _module_preset=&#8220;default&#8220; title_level=&#8220;h1&#8243; title_text_color=&#8220;#FFFFFF&#8220; desc_text_text_color=&#8220;#FFFFFF&#8220; background_layout=&#8220;dark&#8220; hover_enabled=&#8220;0&#8243; global_colors_info=&#8220;{}&#8220; title_text=&#8220;platzhalter&#8220; sticky_enabled=&#8220;0&#8243;]<p><\/p>\n<p>Fr\u00fche mathematische Bildung ist aus unserer Sicht sinnvoll und kann mit viel Freude f\u00fcr Kinder und Erwachsene umgesetzt werden.<\/p>\n<p> <\/p>\n<p>Ziel der Entdeckungen im Zahlenland ist es, Kindern bereits vor der Schule grundlegende Erfahrungen mit Zahlen zu erm\u00f6glichen, die ihnen helfen, Wissen \u00fcber die Welt aufzubauen und dieses Wissen mit ihrem Leben zu verbinden (siehe auch: <a href=\"http:\/\/www.zahlenland.info\">www.zahlenland.info<\/a>).<\/p>\n<p><\/p>[\/dipl_image_accordion_item][\/dipl_image_accordion][\/et_pb_column][\/et_pb_row][\/et_pb_section]","protected":false},"excerpt":{"rendered":"<p>Was Kinder bei uns erlebenKinderbetreuung Kinderkrippe Kindergarten Eingew\u00f6hnungEssenversorgung \u00dcber die Kinderk\u00fcche El Miloud Fathi in Dresden beziehen wir t\u00e4glich frisch zubereitete Speisen mit Zutaten aus \u00f6kologischem Anbau, vorrangig aus unserer Region. Die Kinderk\u00fcche bietet dabei eine speziell auf die Bed\u00fcrfnisse von Kindern abgestimmte vollwertige und vielf\u00e4ltige Kost und leistet somit einen wichtigen Beitrag zu einer [&hellip;]<\/p>\n","protected":false},"author":1,"featured_media":0,"parent":0,"menu_order":0,"comment_status":"closed","ping_status":"closed","template":"","meta":{"_et_pb_use_builder":"on","_et_pb_old_content":"","_et_gb_content_width":"","footnotes":""},"dipi_cpt_category":[],"class_list":["post-370607","page","type-page","status-publish","hentry"],"_links":{"self":[{"href":"https:\/\/development.oekologisches-kinderhaus.de\/index.php?rest_route=\/wp\/v2\/pages\/370607","targetHints":{"allow":["GET"]}}],"collection":[{"href":"https:\/\/development.oekologisches-kinderhaus.de\/index.php?rest_route=\/wp\/v2\/pages"}],"about":[{"href":"https:\/\/development.oekologisches-kinderhaus.de\/index.php?rest_route=\/wp\/v2\/types\/page"}],"author":[{"embeddable":true,"href":"https:\/\/development.oekologisches-kinderhaus.de\/index.php?rest_route=\/wp\/v2\/users\/1"}],"replies":[{"embeddable":true,"href":"https:\/\/development.oekologisches-kinderhaus.de\/index.php?rest_route=%2Fwp%2Fv2%2Fcomments&post=370607"}],"version-history":[{"count":7,"href":"https:\/\/development.oekologisches-kinderhaus.de\/index.php?rest_route=\/wp\/v2\/pages\/370607\/revisions"}],"predecessor-version":[{"id":370774,"href":"https:\/\/development.oekologisches-kinderhaus.de\/index.php?rest_route=\/wp\/v2\/pages\/370607\/revisions\/370774"}],"wp:attachment":[{"href":"https:\/\/development.oekologisches-kinderhaus.de\/index.php?rest_route=%2Fwp%2Fv2%2Fmedia&parent=370607"}],"wp:term":[{"taxonomy":"dipi_cpt_category","embeddable":true,"href":"https:\/\/development.oekologisches-kinderhaus.de\/index.php?rest_route=%2Fwp%2Fv2%2Fdipi_cpt_category&post=370607"}],"curies":[{"name":"wp","href":"https:\/\/api.w.org\/{rel}","templated":true}]}}