{"id":232,"date":"2023-02-06T14:17:28","date_gmt":"2023-02-06T13:17:28","guid":{"rendered":"http:\/\/development.oekologisches-kinderhaus.de\/?page_id=232"},"modified":"2025-11-24T22:32:54","modified_gmt":"2025-11-24T21:32:54","slug":"232-2","status":"publish","type":"page","link":"https:\/\/development.oekologisches-kinderhaus.de\/?page_id=232","title":{"rendered":"Das Kinderhaus"},"content":{"rendered":"<p>[et_pb_section fb_built=&#8220;1&#8243; _builder_version=&#8220;4.22.2&#8243; _module_preset=&#8220;default&#8220; background_image=&#8220;https:\/\/development.oekologisches-kinderhaus.de\/wp-content\/uploads\/2022\/03\/PXL_20220310_065949406-scaled-e1647436817712.jpg&#8220; custom_margin=&#8220;70px||||false|false&#8220; global_colors_info=&#8220;{}&#8220;][et_pb_row column_structure=&#8220;1_2,1_2&#8243; _builder_version=&#8220;4.19.5&#8243; _module_preset=&#8220;default&#8220; global_colors_info=&#8220;{}&#8220;][et_pb_column type=&#8220;1_2&#8243; _builder_version=&#8220;4.19.5&#8243; _module_preset=&#8220;default&#8220; global_colors_info=&#8220;{}&#8220;][\/et_pb_column][et_pb_column type=&#8220;1_2&#8243; _builder_version=&#8220;4.19.5&#8243; _module_preset=&#8220;default&#8220; global_colors_info=&#8220;{}&#8220;][et_pb_text _builder_version=&#8220;4.19.5&#8243; _module_preset=&#8220;default&#8220; background_color=&#8220;#FFFFFF&#8220; custom_margin=&#8220;105px||||false|false&#8220; custom_padding=&#8220;20px|20px|20px|20px|true|true&#8220; global_colors_info=&#8220;{}&#8220;]<\/p>\n<h2>Das Kinderhaus<\/h2>\n<p>Ruhig gelegen zwischen den gr\u00fcnen Wohngrundst\u00fccken von Dresden-Kleinzschachwitz, bietet das \u00d6kologische Kinderhaus 100 Kindern Platz Entdecken, Spielen und Wohlf\u00fchlen.<\/p>\n<p>2004 als moderner, energieeffizienter Neubau errichtet, ist unser Haus ein naturnahes Kleinod, dass seinem \u00f6kologischen Anspruch Innen wie auch Au\u00dfen gerecht wird.<\/p>\n<p>[\/et_pb_text][et_pb_toggle title=&#8220;Mehr zum Bau&#8220; _builder_version=&#8220;4.19.5&#8243; _module_preset=&#8220;default&#8220; global_colors_info=&#8220;{}&#8220;]<\/p>\n<p>Der Entwurf des Baus in Holzrahmenbauweise stammt von den Architekten Reiter &amp; Rentzsch aus Dresden. Er besteht aus zwei miteinander verbundenen, zweigeschossigen Bauk\u00f6rpern.<\/p>\n<p>Der \u00f6kologische Charakter des Kinderhauses wird bestimmt durch eine optimale Baukonstruktion mit hochged\u00e4mmten Bauteilen, durch die Verwendung von nat\u00fcrlichen Baustoffen, wie Holz f\u00fcr die Tragkonstruktion, Zellulose als D\u00e4mmstoff, Lehmsteinen f\u00fcr die Zwischenw\u00e4nde, Lehmputz als Wandabschluss sowie eine umweltfreundliche Dachbegr\u00fcnung. Zur Optimierung der Energieeffizienz wurde eine L\u00fcftungsanlage mit W\u00e4rmer\u00fcckgewinnung und eine Photovoltaik-\/ Solarthermieanlage installiert. Damit sind wichtige Voraussetzungen f\u00fcr eine energiesparende Nutzung gegeben.<\/p>\n<p>Zur modernen Charakteristik und offenen Atmosph\u00e4re tragen besonders das lichtdurchflutete Foyer, die hellen Gruppenr\u00e4ume, die offene Galerie zum Obergeschoss und der gro\u00dfe Mehrzweckraum bei.<\/p>\n<p>[\/et_pb_toggle][\/et_pb_column][\/et_pb_row][\/et_pb_section]<\/p>\n","protected":false},"excerpt":{"rendered":"<p>Das Kinderhaus Ruhig gelegen zwischen den gr\u00fcnen Wohngrundst\u00fccken von Dresden-Kleinzschachwitz, bietet das \u00d6kologische Kinderhaus 100 Kindern Platz Entdecken, Spielen und Wohlf\u00fchlen. 2004 als moderner, energieeffizienter Neubau errichtet, ist unser Haus ein naturnahes Kleinod, dass seinem \u00f6kologischen Anspruch Innen wie auch Au\u00dfen gerecht wird.Der Entwurf des Baus in Holzrahmenbauweise stammt von den Architekten Reiter &amp; Rentzsch [&hellip;]<\/p>\n","protected":false},"author":1,"featured_media":0,"parent":0,"menu_order":0,"comment_status":"closed","ping_status":"closed","template":"","meta":{"_et_pb_use_builder":"on","_et_pb_old_content":"","_et_gb_content_width":"","footnotes":""},"dipi_cpt_category":[],"class_list":["post-232","page","type-page","status-publish","hentry"],"_links":{"self":[{"href":"https:\/\/development.oekologisches-kinderhaus.de\/index.php?rest_route=\/wp\/v2\/pages\/232","targetHints":{"allow":["GET"]}}],"collection":[{"href":"https:\/\/development.oekologisches-kinderhaus.de\/index.php?rest_route=\/wp\/v2\/pages"}],"about":[{"href":"https:\/\/development.oekologisches-kinderhaus.de\/index.php?rest_route=\/wp\/v2\/types\/page"}],"author":[{"embeddable":true,"href":"https:\/\/development.oekologisches-kinderhaus.de\/index.php?rest_route=\/wp\/v2\/users\/1"}],"replies":[{"embeddable":true,"href":"https:\/\/development.oekologisches-kinderhaus.de\/index.php?rest_route=%2Fwp%2Fv2%2Fcomments&post=232"}],"version-history":[{"count":10,"href":"https:\/\/development.oekologisches-kinderhaus.de\/index.php?rest_route=\/wp\/v2\/pages\/232\/revisions"}],"predecessor-version":[{"id":371158,"href":"https:\/\/development.oekologisches-kinderhaus.de\/index.php?rest_route=\/wp\/v2\/pages\/232\/revisions\/371158"}],"wp:attachment":[{"href":"https:\/\/development.oekologisches-kinderhaus.de\/index.php?rest_route=%2Fwp%2Fv2%2Fmedia&parent=232"}],"wp:term":[{"taxonomy":"dipi_cpt_category","embeddable":true,"href":"https:\/\/development.oekologisches-kinderhaus.de\/index.php?rest_route=%2Fwp%2Fv2%2Fdipi_cpt_category&post=232"}],"curies":[{"name":"wp","href":"https:\/\/api.w.org\/{rel}","templated":true}]}}